079727 a prime number?
False
Is 617002585 a prime number?
False
Is 19737223 a composite number?
True
Is 30987148667 prime?
False
Is 703794589385 a composite number?
True
Is 90102007 a composite number?
False
Is 8723071381 prime?
False
Is 946784767 a prime number?
True
Is 2525929997 composite?
False
Is 323454491 composite?
False
Is 8283848899 prime?
False
Is 476566927 composite?
True
Is 13448195461 a composite number?
True
Is 412632161 composite?
True
Is 32299493693 composite?
True
Is 2505759959 a prime number?
False
Is 62987301941 a composite number?
True
Is 299787581 composite?
False
Is 94555343497 a prime number?
True
Is 15245517649 a composite number?
False
Is 5093990887 composite?
False
Is 3729515453 composite?
True
Is 38425376279 composite?
False
Is 61453876109 prime?
False
Is 7225513123 a composite number?
False
Is 8180652521 a composite number?
True
Is 2116611779 composite?
True
Is 23792627867 composite?
True
Is 259807622591 a prime number?
False
Is 48765138893 a composite number?
False
Is 1543759901 composite?
True
Is 1843084349 a prime number?
True
Is 3290956111 a prime number?
True
Is 604338817 a prime number?
True
Is 1470195911 prime?
False
Is 586590737 a prime number?
True
Is 149796679 a prime number?
True
Is 7719917613 a prime number?
False
Is 12088186081 prime?
True
Is 171168688147 a prime number?
False
Is 493729211 prime?
True
Is 358463603 composite?
False
Is 884517449 prime?
False
Is 1439803907 a prime number?
False
Is 13689834985 a prime number?
False
Is 69172908113 a prime number?
True
Is 790728833 a prime number?
False
Is 2991826403 a prime number?
False
Is 16597236319 a composite number?
False
Is 677321761 composite?
False
Is 75983447 a prime number?
False
Is 3264783913 prime?
True
Is 5511120521 a prime number?
True
Is 109401631 a prime number?
False
Is 370112323 a prime number?
False
Is 108343283 a composite number?
False
Is 526446181 a composite number?
True
Is 461024959 composite?
False
Is 26688063389 prime?
False
Is 586311881 prime?
False
Is 7209511271 composite?
False
Is 257814563 a composite number?
True
Is 15920851543 composite?
True
Is 1497689093 a composite number?
True
Is 69755463727 a composite number?
True
Is 4002160867 composite?
False
Is 211943297 prime?
False
Is 1547834017 a composite number?
False
Is 25038474833 prime?
False
Is 18014037191 prime?
True
Is 1533072571 a composite number?
False
Is 16628401253 composite?
False
Is 2896573817 composite?
False
Is 313544477 a composite number?
True
Is 160875602003 a prime number?
False
Is 6568050583 composite?
True
Is 1276839853 a prime number?
False
Is 20297927137 a prime number?
False
Is 810330377 prime?
False
Is 2409751541 composite?
False
Is 57482617717 a prime number?
False
Is 927519101 a composite number?
True
Is 420661051 a composite number?
True
Is 12196830813 prime?
False
Is 12589537 composite?
True
Is 1939272463 prime?
True
Is 13650346063 a composite number?
True
Is 9721590059 composite?
False
Is 601787429 a composite number?
True
Is 1751340923 prime?
True
Is 17801629 a composite number?
True
Is 314987 a prime number?
False
Is 14782964213 prime?
True
Is 46460627 a prime number?
True
Is 1683148997 a prime number?
True
Is 96187613 a composite number?
False
Is 318693377701 a composite number?
False
Is 13196273599 a composite number?
True
Is 937868551 a prime number?
False
Is 44742447403 composite?
False
Is 356080357 a composite number?
True
Is 3617087621 a prime number?
False
Is 760091677 prime?
True
Is 132639856861 composite?
True
Is 11457504359 a prime number?
False
Is 81277661651 composite?
False
Is 10630647107 a prime number?
False
Is 5836481621 a prime number?
False
Is 301311187 a prime number?
True
Is 684024037 prime?
False
Is 8694003701 prime?
False
Is 2440866917 a prime number?
True
Is 11992683931 prime?
False
Is 10798321411 a composite number?
False
Is 841648231 prime?
False
Is 161915935 a composite number?
True
Is 1644028421 composite?
True
Is 1745846813 composite?
True
Is 635527811 a composite number?
False
Is 6868131433 prime?
False
Is 784721753 prime?
True
Is 19281311 prime?
False
Is 6457818291 composite?
True
Is 3159103789 prime?
True
Is 10951438243 a prime number?
False
Is 81283603 a prime number?
True
Is 3904910297 prime?
True
Is 65580817 prime?
True
Is 980741914 composite?
True
Is 136360565459 a composite number?
False
Is 23243874161 a prime number?
True
Is 2360077769 composite?
True
Is 77482877 prime?
True
Is 567365671 composite?
True
Is 2407868867 a prime number?
False
Is 3776065433 composite?
True
Is 1637873831 a prime number?
False
Is 64368055033 prime?
False
Is 1143417647 a composite number?
False
Is 10579402681 prime?
False
Is 7416801949 prime?
False
Is 1685554469 a composite number?
True
Is 32815918903 composite?
True
Is 16184733573 composite?
True
Is 10807519687 a prime number?
False
Is 293432431 prime?
True
Is 77645647369 prime?
False
Is 5836895231 a prime number?
True
Is 77406539933 a prime number?
True
Is 19490034631 prime?
False
Is 76886843 prime?
False
Is 1630873421 a prime number?
False
Is 262601435699 prime?
True
Is 505464409 composite?
False
Is 1091484661 composite?
True
Is 343368647 a prime number?
True
Is 306465661 a prime number?
True
Is 50360318869 composite?
True
Is 2317279319 prime?
True
Is 93571894187 a composite number?
False
Is 30550237507 composite?
False
Is 39345590909 a composite number?
False
Is 311237761 composite?
True
Is 3352971449 prime?
False
Is 53765229563 a composite number?
False
Is 4120573 composite?
False
Is 91927751 prime?
True
Is 3725193721 a composite number?
False
Is 226492271 prime?
True
Is 73747181567 prime?
True
Is 3049934614 prime?
False
Is 170412967 composite?
True
Is 6974633429 a composite number?
True
Is 25306801391 a prime number?
True
Is 317173999 prime?
True
Is 1316133671 prime?
True
Is 192728501 composite?
True
Is 636937489 a prime number?
False
Is 18866151751 prime?
False
Is 1857619639 a prime number?
True
Is 655078953 a prime number?
False
Is 14334813973 composite?
True
Is 10929879803 composite?
True
Is 1737405211 a prime number?
False
Is 107666731 a prime number?
True
Is 95538162899 a composite number?
False
Is 1098412069 a prime number?
True
Is 3719988887 a prime number?
True
Is 3740069317 composite?
True
Is 911557649 prime?
True
Is 2050587173 a composite number?
True
Is 14860965477 a prime number?
False
Is 4325666581 prime?
True
Is 3798670037 composite?
True
Is 7362523187 prime?
True
Is 235816414063 prime?
False
Is 188961174217 a composite number?
False
Is 10017634909 prime?
True
Is 1016985685 a prime number?
False
Is 404160557 prime?
True
Is 6214136963 prime?
True
Is 22206557089 a prime number?
False
Is 11616552371 a prime number?
True
Is 2216469361 a composite number?
True
Is 324404881 prime?
False
Is 14126484871 prime?
True
Is 890890157 a prime number?
False
Is 736804657 prime?
False
Is 82455251 prime?
True
Is 11804841859 composite?
True
Is 64114031389 composite?
False
Is 31565347795 prime?
False
Is 464941309 prime?
False
Is 24678827315 a prime number?
False
Is 45949135 prime?
False
Is 2607246359 a prime number?
True
Is 1076971999 a composite number?
False
Is 637528061 prime?
False
Is 584710277 a composite number?
True
Is 753222497 composite?
True
Is 3804354011 a composite number?
False
Is 6283704727 composite?
True
Is 1805828819 a prime number?
False
Is 880833683 a composite number?
False
Is 464692301 a composite number?
False
Is 13436779483 a composite number?
False
Is 206227259 a composite number?
True
Is 1900207789 a composite number?
False
Is 42872726993 composite?
False
Is 11178239339 prime?
True
Is 71200402909 composite?
True
Is 7909480153 prime?
False
Is 699918259 composite?
False
Is 7026375149 prime?
True
Is 1671745811 a composite number?
False
Is 71277222853 a prime number?
False
Is 6382667671 a prime number?
False
Is 500948873 prime?
True
Is 1550939017 composite?
False
Is 1252522057 composite?
True
Is 1733409581 prime?
False
Is 1316035211 prime?
True
Is 2757645901 a prime number?
True
Is 15878845159 prime?
True
Is 5180726921 prime?
False
Is 412628057 a prime number?
True
Is 16655329393 prime?
True
Is 584195153 prime?
True
Is 12483002303 a prime number?
False
Is 59743385063 prime?
False
Is 22367452711 prime?
True
Is 2267475973 a prime number?
False
Is 1873036603 prime